nder when 9062 is divided by 9062.
0
Calculate the remainder when 197793 is divided by 151.
134
Calculate the remainder when 295 is divided by 92.
19
Calculate the remainder when 3117 is divided by 324.
201
What is the remainder when 23611 is divided by 332?
39
Calculate the remainder when 24741 is divided by 23.
16
Calculate the remainder when 77530 is divided by 38760.
10
What is the remainder when 5987 is divided by 1191?
32
What is the remainder when 17187 is divided by 600?
387
What is the remainder when 9707 is divided by 1127?
691
What is the remainder when 17490 is divided by 37?
26
What is the remainder when 2268 is divided by 88?
68
Calculate the remainder when 2309519 is divided by 80.
79
What is the remainder when 3579 is divided by 1788?
3
What is the remainder when 65099 is divided by 32511?
77
Calculate the remainder when 1533 is divided by 1131.
402
Calculate the remainder when 19518 is divided by 61.
59
Calculate the remainder when 229023 is divided by 861.
858
What is the remainder when 22156 is divided by 11070?
16
Calculate the remainder when 36892 is divided by 251.
246
Calculate the remainder when 3507 is divided by 268.
23
Calculate the remainder when 551 is divided by 213.
125
Calculate the remainder when 1944 is divided by 13.
7
What is the remainder when 2163285 is divided by 1543?
1542
Calculate the remainder when 539491 is divided by 179829.
4
What is the remainder when 882786 is divided by 17?
10
Calculate the remainder when 8854 is divided by 1717.
269
What is the remainder when 2154 is divided by 743?
668
Calculate the remainder when 18135 is divided by 1713.
1005
What is the remainder when 4434 is divided by 1073?
142
What is the remainder when 653539 is divided by 3651?
10
Calculate the remainder when 27120 is divided by 149.
2
What is the remainder when 3640 is divided by 405?
400
What is the remainder when 2957 is divided by 2486?
471
Calculate the remainder when 901 is divided by 184.
165
What is the remainder when 11052 is divided by 843?
93
What is the remainder when 18141 is divided by 422?
417
Calculate the remainder when 13735 is divided by 418.
359
What is the remainder when 343696 is divided by 19?
5
What is the remainder when 5860 is divided by 648?
28
What is the remainder when 126 is divided by 16?
14
What is the remainder when 77661 is divided by 8629?
0
What is the remainder when 7618 is divided by 103?
99
What is the remainder when 131725 is divided by 757?
7
Calculate the remainder when 21220 is divided by 505.
10
What is the remainder when 62789 is divided by 1427?
1
What is the remainder when 871 is divided by 499?
372
Calculate the remainder when 6307 is divided by 137.
5
What is the remainder when 82400 is divided by 27462?
14
Calculate the remainder when 69452 is divided by 3155.
42
What is the remainder when 2593401 is divided by 12?
9
Calculate the remainder when 53769 is divided by 2240.
9
Calculate the remainder when 509595 is divided by 32.
27
Calculate the remainder when 15124 is divided by 329.
319
Calculate the remainder when 21816862 is divided by 443.
441
Calculate the remainder when 658 is divided by 540.
118
What is the remainder when 2598 is divided by 2587?
11
What is the remainder when 132014 is divided by 353?
345
What is the remainder when 3789 is divided by 1867?
55
What is the remainder when 20257 is divided by 6658?
283
Calculate the remainder when 356127 is divided by 31.
30
What is the remainder when 19803 is divided by 46?
23
Calculate the remainder when 6148 is divided by 176.
164
Calculate the remainder when 716839 is divided by 7.
4
What is the remainder when 2170 is divided by 86?
20
What is the remainder when 5178 is divided by 13?
4
What is the remainder when 40874 is divided by 280?
274
What is the remainder when 4018 is divided by 216?
130
Calculate the remainder when 58475 is divided by 11695.
0
Calculate the remainder when 33782 is divided by 9.
5
Calculate the remainder when 2112 is divided by 74.
40
What is the remainder when 18121 is divided by 105?
61
What is the remainder when 117192 is divided by 29279?
76
Calculate the remainder when 23195 is divided by 7726.
17
What is the remainder when 3104 is divided by 617?
19
What is the remainder when 3102 is divided by 580?
202
Calculate the remainder when 2681 is divided by 116.
13
Calculate the remainder when 647897 is divided by 647882.
15
Calculate the remainder when 4687 is divided by 896.
207
What is the remainder when 557 is divided by 552?
5
What is the remainder when 99052 is divided by 1223?
1212
What is the remainder when 52082 is divided by 140?
2
Calculate the remainder when 897085 is divided by 262.
259
What is the remainder when 7762 is divided by 763?
132
What is the remainder when 10975 is divided by 281?
16
What is the remainder when 1785257 is divided by 1418?
1413
Calculate the remainder when 119667 is divided by 721.
702
Calculate the remainder when 19717 is divided by 19714.
3
What is the remainder when 8676 is divided by 3636?
1404
Calculate the remainder when 381108 is divided by 65.
13
Calculate the remainder when 272171 is divided by 222.
221
What is the remainder when 110242 is divided by 398?
394
Calculate the remainder when 2864 is divided by 802.
458
Calculate the remainder when 36796 is divided by 4084.
40
Calculate the remainder when 37866 is divided by 53.
24
Calculate the remainder when 351 is divided by 271.
80
Calculate the remainder when 231723 is divided by 115.
113
What is the remainder when 15083 is divided by 96?
11
What is the remainder when 2266 is divided by 568?
562
What is the remainder when 11383 is divided by 55?
53
Calculate the remainder when 12492 is divided by 1245.
42
Calculate the remainder when 74184 is divided by 74183.
1
Calculate the remainder when 839 is divided by 199.
43
What is the remainder when 185001 is divided by 133?
131
Calculate the remainder when 340499 is divided by 50.
49
Calculate the remainder when 4929 is divided by 3761.
1168
What is the remainder when 5596 is divided by 54?
34
Calculate the remainder when 50621 is divided by 56.
53
Calculate the remainder when 203353 is divided by 18.
7
What is the remainder when 677520 is divided by 32?
16
What is the remainder when 786 is divided by 33?
27
Calculate the remainder when 12308 is divided by 3072.
20
What is the remainder when 9090 is divided by 769?
631
Calculate the remainder when 6892 is divided by 6887.
5
What is the remainder when 15742 is divided by 173?
172
Calculate the remainder when 3291 is divided by 152.
99
What is the remainder when 137372 is divided by 25?
22
Calculate the remainder when 47910 is divided by 47851.
59
Calculate the remainder when 7827 is divided by 117.
105
Calculate the remainder when 36359 is divided by 173.
29
Calculate the remainder when 272302 is divided by 207.
97
What is the remainder when 3107 is divided by 58?
33
What is the remainder when 6509 is divided by 167?
163
Calculate the remainder when 52291 is divided by 289.
271
Calculate the remainder when 736 is divided by 55.
21
Calculate the remainder when 45497 is divided by 14.
11
What is the remainder when 125146 is divided by 41695?
61
What is the remainder when 38774 is divided by 47?
46
What is the remainder when 941 is divided by 150?
41
Calculate the remainder when 8174 is divided by 3315.
1544
What is the remainder when 12811 is divided by 33?
7
What is the remainder when 29572 is divided by 14781?
10
Calculate the remainder when 1236398 is divided by 25.
23
Calculate the remainder when 1770 is divided by 180.
150
Calculate the remainder when 2265 is divided by 114.
99
Calculate the remainder when 782 is divided by 124.
38
Calculate the remainder when 22710 is divided by 16.
6
What is the remainder when 59286 is divided by 19728?
102
Calculate the remainder when 31270 is divided by 10407.
49
Calculate the remainder when 53048 is divided by 52.
8
What is the remainder when 86578 is divided by 14411?
112
Calculate the remainder when 1358375 is divided by 6.
5
Calculate the remainder when 12140 is divided by 193.
174
Calculate the remainder when 473750 is divided by 473741.
9
Calculate the remainder when 88611 is divided by 27.
24
Calculate the remainder when 9614 is divided by 4746.
122